 + 5*d, 143 = o + d. Suppose -u - u + o = 0. What are the prime factors of u?
2, 5, 7
Suppose 9*n + 20869 = 97774. What are the prime factors of n?
5, 1709
Let r = -11405 + 14216. What are the prime factors of r?
3, 937
Let k(f) = 29*f + 234. Let y be k(-8). What are the prime factors of ((-680)/50)/(y/(-50))?
2, 5, 17
Suppose -3*q = 2*x - 28835, -q + 15443 = 2*x + 5838. List the prime factors of q.
3, 5, 641
Suppose -11*u + 4*n + 116200 = 0, 5*n = 2*u - 34324 + 13201. What are the prime factors of u?
2, 19, 139
Let y be (-3682)/(-8) - 4 - 3/(-4). Let l = -130 + y. Let x = l + -223. What are the prime factors of x?
2, 13
Suppose 6*z + 696 = 9*z + 3*p, 5*p = -15. Let g = -103 + z. What are the prime factors of g?
2, 3, 11
Let p be ((-39)/(-6))/((-3)/(-1572)). List the prime factors of 1 + 20/(-24) + p/12.
2, 71
Let z = 358 - -113. Suppose -1926 - z = -3*s. What are the prime factors of s?
17, 47
Suppose 0 = -i + 12*i. Let j be -2 - (-1 + i + -3). Suppose 3*r - j*r + x - 61 = 0, 3*x + 53 = r. List the prime factors of r.
59
Let i = -111 - -186. Suppose -12*n = 3*n - i. What are the prime factors of n?
5
Suppose -7*w + 1935 = -3357. Suppose -5*p + w + 819 = 0. List the prime factors of p.
3, 5, 7
Let m(p) = -152*p**3 + 32*p**2 + 5*p - 1. List the prime factors of m(-4).
11, 929
What are the prime factors of (12 - ((-10024)/(-21) + 2))*-48?
2, 701
Suppose -29 = 4*k + 7. Let s = 1127 - 1131. What are the prime factors of k*s/12 + 115?
2, 59
Suppose 716 = u - 1006. Suppose 3*g = 3*h - u, -613 - 1105 = -3*h + g. List the prime factors of h.
2, 11, 13
List the prime factors of (-48124)/(-6) - 120/(-90).
2, 3, 7, 191
Suppose 4*y - 2*p - 44 = 2*p, 0 = -y - p + 9. Suppose -3*h - 2*x + 96 = -5*x, 5*x = -3*h + 96. Let o = y + h. What are the prime factors of o?
2, 3, 7
Suppose -3*i + 3 = -3*c - 0, 8 = -2*c + 4*i. List the prime factors of (66/(-12))/(c/(-16)).
2, 11
Suppose -5*w - 5 = q, 0*w + 5 = 2*w - q. Suppose 65*o - 8505 = 30*o. Suppose 109 = 2*z + p - w*p, -3*p - o = -4*z. List the prime factors of z.
3, 19
Let v = -316 + 758. Let y = v - 135. List the prime factors of y.
307
Let r(m) = 41*m**3 + m**2 - 5*m + 4. Let q be r(-3). Let c = 1948 + q. What are the prime factors of c?
11, 79
Let n(a) = -96*a + 23. Suppose 4*j - j - h + 19 = 0, 5*j + 3*h + 27 = 0. What are the prime factors of n(j)?
599
What are the prime factors of ((-170)/425)/(2/(-29130))?
2, 3, 971
Let v(r) = 7*r + 8*r - 6*r - 10 - 3*r. Let y be v(5). Suppose -n = x + 12 - 82, -4*n + y = 0. What are the prime factors of x?
5, 13
Let g(a) = 3*a + 187. Let j(b) = b**2 + 4*b + 4. Let l be j(-2). Let k be g(l). Suppose -y = y + 5*d - k, 5*d - 101 = -y. List the prime factors of y.
2, 43
Let q(h) = h**2 - 4*h - 17. Let m be q(7). Suppose 0*l - 2*l = f + 8, -m*f + 3*l - 10 = 0. List the prime factors of ((-3)/(-2))/(f/(-440)).
3, 5, 11
What are the prime factors of 13640/(-165)*((-2037)/6 + (-1 - 0))?
2, 31, 227
Suppose -13 = -g - 2*t, -4*g + 19 = -4*t - 9. Let z(m) = 11*m + 0*m**2 - 4*m**3 - 9*m**2 + 5*m**3 - 15 - 2. List the prime factors of z(g).
2, 41
Let r(l) be the third derivative of l**5/60 - l**4/2 + 7*l**3/6 - 13*l**2. Let y be r(15). Let t = y + -43. List the prime factors of t.
3
Let o(s) = -s**2 + 7*s + 34. Let b be o(10). Suppose -2*x = -0*x + b*w - 688, 5*x - w - 1731 = 0. List the prime factors of x.
2, 173
What are the prime factors of 494/52 + -9 - (155063/(-2) + -2)?
2, 38767
Suppose 4*w - 5*c - 137969 = 81428, w + 4*c - 54886 = 0. List the prime factors of w.
2, 3, 41, 223
Suppose -491135 - 2180973 = -30*z - 494588. What are the prime factors of z?
2, 43, 211
Let d be ((-6)/4)/(11/(-4818)). Suppose t - 6*t = -b - 2, 0 = 4*b - 3*t - 9. Suppose -b*q - 6*q = -d. List the prime factors of q.
73
List the prime factors of (0 + 0)/(-3) + (7400 - 33).
53, 139
Let m(b) = 94*b**2 - 7*b + 385. What are the prime factors of m(14)?
3, 7, 11
Suppose 3*t = 2*q - 8342 - 11412, 2*t = -q + 9877. What are the prime factors of q?
7, 17, 83
Suppose -20*c = -11*c - 13266. What are the prime factors of c?
2, 11, 67
Let h(v) = 520*v**2 - 2*v - 2. Let f be h(-1). Suppose -f = -5*k + 2*u + 3*u, 0 = -4*k + 3*u + 417. List the prime factors of 623/49 - 5/(k/(-6)).
13
Let h(n) = -n**2 - 1. Let a(k) = -163*k**2 + 2*k + 6. Let x(p) = -a(p) - 3*h(p). What are the prime factors of x(-1)?
3, 5, 11
Suppose 0 = 3*o - 4011 - 3741. What are the prime factors of o?
2, 17, 19
Let x(m) = -m**3 - m**2 - m + 1. Let s be x(0). Let i be 6/(-4) + s + 366/4. Suppose 4*j + 15 - i = 0. List the prime factors of j.
19
Let c(n) = 1436*n + 15. Let p be c(2). Let m = p - 2050. List the prime factors of m.
3, 31
Let w be (-3)/(-5) - 308/(-70). Suppose -5*s + 2960 = -w*v, 5*v + 4*s + 2336 = v. What are the prime factors of (v/9)/(6/(-9))?
2, 7
Suppose 183*k + 156 = 196*k. List the prime factors of (2/4*698)/(4/k).
3, 349
Let x = 76 + -62. Suppose 8*w - x - 10 = 0. Suppose w*s = -4*g - g + 648, 5*g - 2*s = 643. What are the prime factors of g?
3, 43
Let t(y) = 8218*y + 12. What are the prime factors of t(1)?
2, 5, 823
List the prime factors of 3548596/1998 - (1 - 50/54).
2, 3, 37
List the prime factors of ((-17)/12 - 1/(-6))*1*-15628.
5, 3907
Let t be -3 + 536 + 5 - (-1 - -4). Let v = 468 + t. List the prime factors of v.
17, 59
Suppose 1 = s, 2*k = -k + 5*s + 7. Suppose -k*g + 7 = -13. Suppose 0 = -n + f + 80, 360 = n + 4*n + g*f. List the prime factors of n.
2, 19
Let v(f) = 1. Let l(w) = -w**2 + 2*w + 6. Let q(d) = l(d) - 5*v(d). Let x be q(3). List the prime factors of (424 + x)/(6 + (0 - 4)).
211
Let c(q) = 1776*q**2 - 188*q + 763. List the prime factors of c(4).
7, 31, 131
What are the prime factors of 23853 + (182/21 + -9)*9?
2, 3, 5, 53
List the prime factors of (5 - 60680/10)*(0 + (0 - 1)).
3, 43, 47
Let c be -623 + (0*3/6)/1. What are the prime factors of (-1)/((1 + c/622)*1)?
2, 311
Suppose -5*i + 3*h = -5194, 13*i - 4*h + 3128 = 16*i. What are the prime factors of i?
2, 5, 13
Suppose -4*c + 250 = c. Let t = -2239 - -2398. Let s = t + c. What are the prime factors of s?
11, 19
Let f = -12491 - -25216. List the prime factors of f.
5, 509
Let c(o) = 171*o - 1005. What are the prime factors of c(27)?
2, 3, 7, 43
Let t = 11318 - -21967. List the prime factors of t.
3, 5, 7, 317
Suppose 0 = 5*d - 5 - 10. Suppose -4*x + d*y - 4*y + 4 = 0, -22 = -x + 5*y. Suppose 0 = 2*o + 5*r - 39, 5*o + 4*r - 150 = x*r. List the prime factors of o.
2
Let x(r) = -436*r**3 + r**2 + 4*r + 3. Let u be (-4)/2 + (-20)/(-5) + -3. List the prime factors of x(u).
2, 109
Suppose 0 = 3*o + m + 3430 - 12250, -5*o + m + 14684 = 0. What are the prime factors of o?
2, 13, 113
What are the prime factors of 1 - (-43948)/20 - (-144)/(-360)?
2, 7, 157
Let r = -51034 + 71637. List the prime factors of r.
11, 1873
Suppose -5*q - 6*g = -7*g - 29, -g - 24 = -4*q. Suppose 3*u - 2652 = -q*h, 0 = 4*u + 5*h - 1282 - 2259. List the prime factors of u.
7, 127
Let y = -429 + 431. Suppose 4*i = y*d - 3224, -2*d = i - 3436 + 217. List the prime factors of d.
2, 5, 7, 23
What are the prime factors of -6 - 2*(-4 + -799)?
2, 5
Let r(h) = -2*h**3 + 3*h**2 + 3*h + 2. Let f be r(-2). Suppose 0 = 2*c - 10, 5*g - 161 = c + 159. Let u = g - f. What are the prime factors of u?
41
Let u(q) = 2*q**2 + 5*q + 4. Let f be 15/((-90)/4)*6/2. Let m be u(f). Suppose -m*w = -6, 3*g - 108 = -w + 57. What are the prime factors of g?
2, 3
Let i be (-1)/(-2)*-4*5270/20. Let h = i + 1000. What are the prime factors of h?
11, 43
Suppose 3*a + 1586 = 2*t - a, 0 = -5*t + 4*a + 3995. Suppose -4*s + 1088 = -4*m + 2*m, -t = -3*s - 5*m. List the prime factors of s.
271
Let n = -6379 + 10218. What are the prime factors of n?
11, 349
Suppose 70*x - 79*x = 6435. Let c = x - -2254. List the prime factors of c.
3, 19
What are the prime factors of (-32)/8*-709 - (0 + 9)?
11, 257
Let k = 3609 - 1167. Let n = k + -804. List the prime factors of n.
2, 3, 7, 13
Let f(r) = r**2 + 33*r + 1242. What are the prime factors of f(-32)?
2, 5, 11
Let i(j) = -3972*j + 119. List the prime factors of i(-3).
5, 29, 83
Suppose -949*c - 162944 = -965*c. What are the prime factors of c?
2, 19, 67
Let g = 57581 - -22750. List the prime factors of g.
3, 26777
Suppose -a = 0, -5*a + 1 = 4*x + 33. Let r be (x/36)/((-1)/9). Sup